{"id":6,"date":"2021-01-15T01:05:58","date_gmt":"2021-01-15T01:05:58","guid":{"rendered":"https:\/\/wuegaki.ppls.ed.ac.uk\/mecore\/?page_id=6"},"modified":"2024-11-15T13:11:28","modified_gmt":"2024-11-15T13:11:28","slug":"members","status":"publish","type":"page","link":"https:\/\/wuegaki.ppls.ed.ac.uk\/mecore\/members\/","title":{"rendered":"Members"},"content":{"rendered":"\n<div class=\"wp-block-columns alignwide is-layout-flex wp-container-core-columns-is-layout-9d6595d7 wp-block-columns-is-layout-flex\">\n<div class=\"wp-block-column is-layout-flow wp-block-column-is-layout-flow\">\n<div class=\"wp-block-media-text alignwide is-stacked-on-mobile\" style=\"grid-template-columns:26% auto\"><figure class=\"wp-block-media-text__media\"><img loading=\"lazy\" decoding=\"async\" width=\"397\" height=\"531\" src=\"https:\/\/wuegaki.ppls.ed.ac.uk\/mecore\/wp-content\/uploads\/2021\/01\/profile-photo-edited.jpg\" alt=\"\" class=\"wp-image-44 size-full\" srcset=\"https:\/\/wuegaki.ppls.ed.ac.uk\/mecore\/wp-content\/uploads\/2021\/01\/profile-photo-edited.jpg 397w, https:\/\/wuegaki.ppls.ed.ac.uk\/mecore\/wp-content\/uploads\/2021\/01\/profile-photo-edited-224x300.jpg 224w\" sizes=\"auto, (max-width: 397px) 100vw, 397px\" \/><\/figure><div class=\"wp-block-media-text__content\">\n<p id=\"block-35e38068-5ce8-4583-bdc5-f57d8d384bbd\">Co-Principal Investigator<\/p>\n\n\n\n<p><strong><a href=\"http:\/\/www.wataruuegaki.com\/\" data-type=\"URL\" data-id=\"http:\/\/www.wataruuegaki.com\/\">Wataru Uegaki<\/a><\/strong><\/p>\n\n\n\n<p id=\"block-c4668cd1-f8fd-44b3-bf64-a6e16c7f75dd\">University of Edinburgh<\/p>\n<\/div><\/div>\n<\/div>\n\n\n\n<div class=\"wp-block-column is-layout-flow wp-block-column-is-layout-flow\">\n<div class=\"wp-block-media-text alignwide is-stacked-on-mobile\" style=\"grid-template-columns:26% auto\"><figure class=\"wp-block-media-text__media\"><img loading=\"lazy\" decoding=\"async\" width=\"443\" height=\"594\" src=\"https:\/\/wuegaki.ppls.ed.ac.uk\/mecore\/wp-content\/uploads\/2021\/01\/Jan2012-edited.jpg\" alt=\"\" class=\"wp-image-45 size-full\" srcset=\"https:\/\/wuegaki.ppls.ed.ac.uk\/mecore\/wp-content\/uploads\/2021\/01\/Jan2012-edited.jpg 443w, https:\/\/wuegaki.ppls.ed.ac.uk\/mecore\/wp-content\/uploads\/2021\/01\/Jan2012-edited-224x300.jpg 224w\" sizes=\"auto, (max-width: 443px) 100vw, 443px\" \/><\/figure><div class=\"wp-block-media-text__content\">\n<p><span style=\"font-size: revert; background-color: var(--global--color-background); color: var(--global--color-primary); font-family: var(--global--font-secondary);\">Co-Principal Investigator<\/span><\/p>\n\n\n\n<p><strong><a href=\"https:\/\/ling.sprachwiss.uni-konstanz.de\/pages\/home\/romero\/index.html\" data-type=\"URL\" data-id=\"https:\/\/ling.sprachwiss.uni-konstanz.de\/pages\/home\/romero\/index.html\">Maribel Romero<\/a><\/strong><\/p>\n\n\n\n<p>University of Konstanz<\/p>\n<\/div><\/div>\n<\/div>\n<\/div>\n\n\n\n<div class=\"wp-block-columns alignwide are-vertically-aligned-center is-layout-flex wp-container-core-columns-is-layout-9d6595d7 wp-block-columns-is-layout-flex\">\n<div class=\"wp-block-column is-vertically-aligned-center is-layout-flow wp-block-column-is-layout-flow\">\n<div class=\"wp-block-columns is-layout-flex wp-container-core-columns-is-layout-9d6595d7 wp-block-columns-is-layout-flex\">\n<div class=\"wp-block-column is-layout-flow wp-block-column-is-layout-flow\">\n<div class=\"wp-block-media-text alignwide is-stacked-on-mobile\" style=\"grid-template-columns:26% auto\"><figure class=\"wp-block-media-text__media\"><img loading=\"lazy\" decoding=\"async\" width=\"295\" height=\"413\" src=\"https:\/\/wuegaki.ppls.ed.ac.uk\/mecore\/wp-content\/uploads\/2021\/08\/CiyangQing.jpg\" alt=\"\" class=\"wp-image-130 size-full\" srcset=\"https:\/\/wuegaki.ppls.ed.ac.uk\/mecore\/wp-content\/uploads\/2021\/08\/CiyangQing.jpg 295w, https:\/\/wuegaki.ppls.ed.ac.uk\/mecore\/wp-content\/uploads\/2021\/08\/CiyangQing-214x300.jpg 214w\" sizes=\"auto, (max-width: 295px) 100vw, 295px\" \/><\/figure><div class=\"wp-block-media-text__content\">\n<p id=\"block-35e38068-5ce8-4583-bdc5-f57d8d384bbd\">Postdoctoral Researcher<\/p>\n\n\n\n<p><strong><meta charset=\"utf-8\"><strong><a href=\"https:\/\/sites.google.com\/site\/qciyang\/\" data-type=\"URL\" data-id=\"https:\/\/sites.google.com\/site\/qciyang\/\">Ciyang Qing<\/a><\/strong><\/strong><\/p>\n\n\n\n<p id=\"block-c4668cd1-f8fd-44b3-bf64-a6e16c7f75dd\">University of Edinburgh<\/p>\n<\/div><\/div>\n<\/div>\n<\/div>\n<\/div>\n\n\n\n<div class=\"wp-block-column is-vertically-aligned-center is-layout-flow wp-block-column-is-layout-flow\">\n<div class=\"wp-block-media-text alignwide is-stacked-on-mobile\" style=\"grid-template-columns:26% auto\"><figure class=\"wp-block-media-text__media\"><img loading=\"lazy\" decoding=\"async\" width=\"754\" height=\"1024\" src=\"https:\/\/wuegaki.ppls.ed.ac.uk\/mecore\/wp-content\/uploads\/2021\/12\/20211202_162625-754x1024.jpg\" alt=\"\" class=\"wp-image-262 size-full\" srcset=\"https:\/\/wuegaki.ppls.ed.ac.uk\/mecore\/wp-content\/uploads\/2021\/12\/20211202_162625-754x1024.jpg 754w, https:\/\/wuegaki.ppls.ed.ac.uk\/mecore\/wp-content\/uploads\/2021\/12\/20211202_162625-221x300.jpg 221w, https:\/\/wuegaki.ppls.ed.ac.uk\/mecore\/wp-content\/uploads\/2021\/12\/20211202_162625-768x1043.jpg 768w, https:\/\/wuegaki.ppls.ed.ac.uk\/mecore\/wp-content\/uploads\/2021\/12\/20211202_162625.jpg 1106w\" sizes=\"auto, (max-width: 754px) 100vw, 754px\" \/><\/figure><div class=\"wp-block-media-text__content\">\n<p><span style=\"font-size: revert; background-color: var(--global--color-background); color: var(--global--color-primary); font-family: var(--global--font-secondary);\">Postdoctoral Researcher<\/span><\/p>\n\n\n\n<p><meta charset=\"utf-8\"><a href=\"http:\/\/deniz.fr\/\" data-type=\"URL\" data-id=\"http:\/\/deniz.fr\/\"><strong>Deniz<\/strong> <strong>\u00d6zy\u0131ld\u0131z<\/strong><\/a><\/p>\n\n\n\n<p>University of Konstanz<\/p>\n<\/div><\/div>\n<\/div>\n<\/div>\n\n\n\n<div class=\"wp-block-columns alignwide are-vertically-aligned-center is-layout-flex wp-container-core-columns-is-layout-9d6595d7 wp-block-columns-is-layout-flex\">\n<div class=\"wp-block-column is-vertically-aligned-center is-layout-flow wp-block-column-is-layout-flow\">\n<div class=\"wp-block-columns is-layout-flex wp-container-core-columns-is-layout-9d6595d7 wp-block-columns-is-layout-flex\">\n<div class=\"wp-block-column is-layout-flow wp-block-column-is-layout-flow\">\n<div class=\"wp-block-media-text alignwide is-stacked-on-mobile\" style=\"grid-template-columns:26% auto\"><figure class=\"wp-block-media-text__media\"><img loading=\"lazy\" decoding=\"async\" width=\"538\" height=\"717\" src=\"https:\/\/wuegaki.ppls.ed.ac.uk\/mecore\/wp-content\/uploads\/2021\/01\/profile2-1-edited.jpg\" alt=\"\" class=\"wp-image-49 size-full\" srcset=\"https:\/\/wuegaki.ppls.ed.ac.uk\/mecore\/wp-content\/uploads\/2021\/01\/profile2-1-edited.jpg 538w, https:\/\/wuegaki.ppls.ed.ac.uk\/mecore\/wp-content\/uploads\/2021\/01\/profile2-1-edited-225x300.jpg 225w\" sizes=\"auto, (max-width: 538px) 100vw, 538px\" \/><\/figure><div class=\"wp-block-media-text__content\">\n<p id=\"block-35e38068-5ce8-4583-bdc5-f57d8d384bbd\">Co-investigator<\/p>\n\n\n\n<p><meta charset=\"utf-8\"><strong><a rel=\"noreferrer noopener\" href=\"https:\/\/www.florisroelofsen.com\/\" data-type=\"URL\" data-id=\"https:\/\/www.florisroelofsen.com\/\" target=\"_blank\">Floris Roelofsen<\/a><\/strong><\/p>\n\n\n\n<p id=\"block-c4668cd1-f8fd-44b3-bf64-a6e16c7f75dd\">University of Amsterdam<\/p>\n<\/div><\/div>\n<\/div>\n<\/div>\n<\/div>\n\n\n\n<div class=\"wp-block-column is-vertically-aligned-center is-layout-flow wp-block-column-is-layout-flow\">\n<div class=\"wp-block-media-text alignwide is-stacked-on-mobile\" style=\"grid-template-columns:26% auto\"><figure class=\"wp-block-media-text__media\"><img loading=\"lazy\" decoding=\"async\" width=\"770\" height=\"960\" src=\"https:\/\/wuegaki.ppls.ed.ac.uk\/mecore\/wp-content\/uploads\/2021\/05\/Screenshot-2021-05-17-at-17.47.08.png\" alt=\"\" class=\"wp-image-118 size-full\" srcset=\"https:\/\/wuegaki.ppls.ed.ac.uk\/mecore\/wp-content\/uploads\/2021\/05\/Screenshot-2021-05-17-at-17.47.08.png 770w, https:\/\/wuegaki.ppls.ed.ac.uk\/mecore\/wp-content\/uploads\/2021\/05\/Screenshot-2021-05-17-at-17.47.08-241x300.png 241w, https:\/\/wuegaki.ppls.ed.ac.uk\/mecore\/wp-content\/uploads\/2021\/05\/Screenshot-2021-05-17-at-17.47.08-768x958.png 768w\" sizes=\"auto, (max-width: 770px) 100vw, 770px\" \/><\/figure><div class=\"wp-block-media-text__content\">\n<p><span style=\"font-size: revert; background-color: var(--global--color-background); color: var(--global--color-primary); font-family: var(--global--font-secondary);\"><meta charset=\"utf-8\">Affiliate Member<\/span><\/p>\n\n\n\n<p><meta charset=\"utf-8\"><a href=\"https:\/\/kdjarv.wixsite.com\/kajsadjarv\" data-type=\"URL\" data-id=\"https:\/\/kdjarv.wixsite.com\/kajsadjarv\"><strong>Kajsa Dj\u00e4rv<\/strong><\/a><\/p>\n\n\n\n<p><meta charset=\"utf-8\">University of Edinburgh<\/p>\n<\/div><\/div>\n<\/div>\n<\/div>\n\n\n\n<div class=\"wp-block-columns alignwide are-vertically-aligned-center is-layout-flex wp-container-core-columns-is-layout-9d6595d7 wp-block-columns-is-layout-flex\">\n<div class=\"wp-block-column is-vertically-aligned-center is-layout-flow wp-block-column-is-layout-flow\">\n<div class=\"wp-block-columns is-layout-flex wp-container-core-columns-is-layout-9d6595d7 wp-block-columns-is-layout-flex\">\n<div class=\"wp-block-column is-layout-flow wp-block-column-is-layout-flow\">\n<div class=\"wp-block-media-text alignwide is-stacked-on-mobile\" style=\"grid-template-columns:41% auto\"><figure class=\"wp-block-media-text__media\"><img loading=\"lazy\" decoding=\"async\" width=\"1024\" height=\"711\" src=\"https:\/\/wuegaki.ppls.ed.ac.uk\/mecore\/wp-content\/uploads\/2021\/11\/me-1024x711.jpg\" alt=\"\" class=\"wp-image-254 size-full\"\/><\/figure><div class=\"wp-block-media-text__content\">\n<p id=\"block-35e38068-5ce8-4583-bdc5-f57d8d384bbd\">Former affiliate member<\/p>\n\n\n\n<p><meta charset=\"utf-8\"><strong><a href=\"https:\/\/nadinetheiler.net\/\" data-type=\"URL\" data-id=\"https:\/\/nadinetheiler.net\/\" target=\"_blank\" rel=\"noreferrer noopener\">Nadine Theiler<\/a><\/strong><\/p>\n<\/div><\/div>\n<\/div>\n<\/div>\n<\/div>\n\n\n\n<div class=\"wp-block-column is-vertically-aligned-center is-layout-flow wp-block-column-is-layout-flow\">\n<div class=\"wp-block-media-text alignwide is-stacked-on-mobile\" style=\"grid-template-columns:27% auto\"><figure class=\"wp-block-media-text__media\"><img loading=\"lazy\" decoding=\"async\" width=\"683\" height=\"1024\" src=\"https:\/\/wuegaki.ppls.ed.ac.uk\/mecore\/wp-content\/uploads\/2023\/01\/IMG_7089-s-683x1024.png\" alt=\"\" class=\"wp-image-298 size-full\" srcset=\"https:\/\/wuegaki.ppls.ed.ac.uk\/mecore\/wp-content\/uploads\/2023\/01\/IMG_7089-s-683x1024.png 683w, https:\/\/wuegaki.ppls.ed.ac.uk\/mecore\/wp-content\/uploads\/2023\/01\/IMG_7089-s-200x300.png 200w, https:\/\/wuegaki.ppls.ed.ac.uk\/mecore\/wp-content\/uploads\/2023\/01\/IMG_7089-s-768x1152.png 768w, https:\/\/wuegaki.ppls.ed.ac.uk\/mecore\/wp-content\/uploads\/2023\/01\/IMG_7089-s-1024x1536.png 1024w, https:\/\/wuegaki.ppls.ed.ac.uk\/mecore\/wp-content\/uploads\/2023\/01\/IMG_7089-s-1365x2048.png 1365w, https:\/\/wuegaki.ppls.ed.ac.uk\/mecore\/wp-content\/uploads\/2023\/01\/IMG_7089-s-1568x2352.png 1568w\" sizes=\"auto, (max-width: 683px) 100vw, 683px\" \/><\/figure><div class=\"wp-block-media-text__content\">\n<p><span style=\"font-size: revert; background-color: var(--global--color-background); color: var(--global--color-primary); font-family: var(--global--font-secondary);\"><meta charset=\"utf-8\">Affiliate Member<\/span><\/p>\n\n\n\n<p><meta charset=\"utf-8\"><strong><a href=\"https:\/\/www.illc.uva.nl\/People\/person\/5079\/Tomasz-Klochowicz\" data-type=\"URL\" data-id=\"https:\/\/www.illc.uva.nl\/People\/person\/5079\/Tomasz-Klochowicz\">Tomasz Klochowicz<\/a><\/strong><\/p>\n\n\n\n<p><meta charset=\"utf-8\">University of Amsterdam<\/p>\n<\/div><\/div>\n<\/div>\n<\/div>\n\n\n\n<div class=\"wp-block-columns alignwide are-vertically-aligned-center is-layout-flex wp-container-core-columns-is-layout-9d6595d7 wp-block-columns-is-layout-flex\">\n<div class=\"wp-block-column is-vertically-aligned-center is-layout-flow wp-block-column-is-layout-flow\">\n<div class=\"wp-block-columns is-layout-flex wp-container-core-columns-is-layout-9d6595d7 wp-block-columns-is-layout-flex\">\n<div class=\"wp-block-column is-layout-flow wp-block-column-is-layout-flow\">\n<div class=\"wp-block-media-text alignwide is-stacked-on-mobile\" style=\"grid-template-columns:27% auto\"><figure class=\"wp-block-media-text__media\"><img loading=\"lazy\" decoding=\"async\" width=\"768\" height=\"1024\" src=\"https:\/\/wuegaki.ppls.ed.ac.uk\/mecore\/wp-content\/uploads\/2024\/04\/dimana-768x1024.jpg\" alt=\"\" class=\"wp-image-459 size-full\" srcset=\"https:\/\/wuegaki.ppls.ed.ac.uk\/mecore\/wp-content\/uploads\/2024\/04\/dimana-768x1024.jpg 768w, https:\/\/wuegaki.ppls.ed.ac.uk\/mecore\/wp-content\/uploads\/2024\/04\/dimana-225x300.jpg 225w, https:\/\/wuegaki.ppls.ed.ac.uk\/mecore\/wp-content\/uploads\/2024\/04\/dimana-1152x1536.jpg 1152w, https:\/\/wuegaki.ppls.ed.ac.uk\/mecore\/wp-content\/uploads\/2024\/04\/dimana-1536x2048.jpg 1536w, https:\/\/wuegaki.ppls.ed.ac.uk\/mecore\/wp-content\/uploads\/2024\/04\/dimana-1568x2091.jpg 1568w, https:\/\/wuegaki.ppls.ed.ac.uk\/mecore\/wp-content\/uploads\/2024\/04\/dimana-scaled.jpg 1920w\" sizes=\"auto, (max-width: 768px) 100vw, 768px\" \/><\/figure><div class=\"wp-block-media-text__content\">\n<p id=\"block-35e38068-5ce8-4583-bdc5-f57d8d384bbd\">Former student assistant<\/p>\n\n\n\n<p><strong>Dimana Orlinova Anastassova<\/strong><\/p>\n\n\n\n<p id=\"block-c4668cd1-f8fd-44b3-bf64-a6e16c7f75dd\">University of Konstanz<\/p>\n<\/div><\/div>\n<\/div>\n<\/div>\n<\/div>\n\n\n\n<div class=\"wp-block-column is-vertically-aligned-center is-layout-flow wp-block-column-is-layout-flow\">\n<div class=\"wp-block-media-text alignwide is-stacked-on-mobile\" style=\"grid-template-columns:27% auto\"><figure class=\"wp-block-media-text__media\"><img loading=\"lazy\" decoding=\"async\" width=\"768\" height=\"1024\" src=\"https:\/\/wuegaki.ppls.ed.ac.uk\/mecore\/wp-content\/uploads\/2024\/04\/kascha-768x1024.jpg\" alt=\"\" class=\"wp-image-462 size-full\" srcset=\"https:\/\/wuegaki.ppls.ed.ac.uk\/mecore\/wp-content\/uploads\/2024\/04\/kascha-768x1024.jpg 768w, https:\/\/wuegaki.ppls.ed.ac.uk\/mecore\/wp-content\/uploads\/2024\/04\/kascha-225x300.jpg 225w, https:\/\/wuegaki.ppls.ed.ac.uk\/mecore\/wp-content\/uploads\/2024\/04\/kascha-1152x1536.jpg 1152w, https:\/\/wuegaki.ppls.ed.ac.uk\/mecore\/wp-content\/uploads\/2024\/04\/kascha.jpg 1536w\" sizes=\"auto, (max-width: 768px) 100vw, 768px\" \/><\/figure><div class=\"wp-block-media-text__content\">\n<p>Student assistant<span style=\"font-size: revert; background-color: var(--global--color-background); color: var(--global--color-primary); font-family: var(--global--font-secondary);\"><\/span><\/p>\n\n\n\n<p><strong>Kascha Kruschwitz<\/strong><\/p>\n\n\n\n<p>University of Konstanz<\/p>\n<\/div><\/div>\n<\/div>\n<\/div>\n\n\n\n<div class=\"wp-block-columns alignwide are-vertically-aligned-center is-layout-flex wp-container-core-columns-is-layout-9d6595d7 wp-block-columns-is-layout-flex\">\n<div class=\"wp-block-column is-vertically-aligned-center is-layout-flow wp-block-column-is-layout-flow\">\n<div class=\"wp-block-columns is-layout-flex wp-container-core-columns-is-layout-9d6595d7 wp-block-columns-is-layout-flex\">\n<div class=\"wp-block-column is-layout-flow wp-block-column-is-layout-flow\">\n<div class=\"wp-block-media-text alignwide is-stacked-on-mobile\" style=\"grid-template-columns:27% auto\"><figure class=\"wp-block-media-text__media\"><img decoding=\"async\" src=\"https:\/\/wuegaki.ppls.ed.ac.uk\/mecore\/wp-content\/uploads\/2024\/11\/keyu2-2-scaled.jpeg\" alt=\"\" class=\"wp-image-459 size-full\"\/><\/figure><div class=\"wp-block-media-text__content\">\n<p id=\"block-35e38068-5ce8-4583-bdc5-f57d8d384bbd\">Former student assistant<\/p>\n\n\n\n<p><strong>Keyu Dong<\/strong><\/p>\n\n\n\n<p id=\"block-c4668cd1-f8fd-44b3-bf64-a6e16c7f75dd\">University of Edinburgh<\/p>\n<\/div><\/div>\n<\/div>\n<\/div>\n<\/div>\n\n\n\n<div class=\"wp-block-column is-vertically-aligned-center is-layout-flow wp-block-column-is-layout-flow\">\n<div class=\"wp-block-media-text alignwide is-stacked-on-mobile\" style=\"grid-template-columns:27% auto\"><figure class=\"wp-block-media-text__media\"><img decoding=\"async\" src=\"https:\/\/wuegaki.ppls.ed.ac.uk\/mecore\/wp-content\/uploads\/2021\/04\/20189988408_99fced957e_q.jpg\" alt=\"\" class=\"wp-image-462 size-full\"\/><\/figure><div class=\"wp-block-media-text__content\">\n<p>Student assistant<span style=\"font-size: revert; background-color: var(--global--color-background); color: var(--global--color-primary); font-family: var(--global--font-secondary);\"><\/span><\/p>\n\n\n\n<p><strong>M\u00e9line Bonnaud<\/strong><\/p>\n\n\n\n<p>University of Konstanz<\/p>\n<\/div><\/div>\n<\/div>\n<\/div>\n","protected":false},"excerpt":{"rendered":"<p>Co-Principal Investigator Wataru Uegaki University of Edinburgh Co-Principal Investigator Maribel Romero University of Konstanz Postdoctoral Researcher Ciyang Qing University of Edinburgh Postdoctoral Researcher Deniz \u00d6zy\u0131ld\u0131z University of Konstanz Co-investigator Floris Roelofsen University of Amsterdam Affiliate Member Kajsa Dj\u00e4rv University of Edinburgh Former affiliate member Nadine Theiler Affiliate Member Tomasz Klochowicz University of Amsterdam Former student&hellip; <a class=\"more-link\" href=\"https:\/\/wuegaki.ppls.ed.ac.uk\/mecore\/members\/\">Continue reading <span class=\"screen-reader-text\">Members<\/span><\/a><\/p>\n","protected":false},"author":1,"featured_media":0,"parent":0,"menu_order":0,"comment_status":"closed","ping_status":"closed","template":"","meta":{"footnotes":""},"class_list":["post-6","page","type-page","status-publish","hentry","entry"],"_links":{"self":[{"href":"https:\/\/wuegaki.ppls.ed.ac.uk\/mecore\/wp-json\/wp\/v2\/pages\/6","targetHints":{"allow":["GET"]}}],"collection":[{"href":"https:\/\/wuegaki.ppls.ed.ac.uk\/mecore\/wp-json\/wp\/v2\/pages"}],"about":[{"href":"https:\/\/wuegaki.ppls.ed.ac.uk\/mecore\/wp-json\/wp\/v2\/types\/page"}],"author":[{"embeddable":true,"href":"https:\/\/wuegaki.ppls.ed.ac.uk\/mecore\/wp-json\/wp\/v2\/users\/1"}],"replies":[{"embeddable":true,"href":"https:\/\/wuegaki.ppls.ed.ac.uk\/mecore\/wp-json\/wp\/v2\/comments?post=6"}],"version-history":[{"count":29,"href":"https:\/\/wuegaki.ppls.ed.ac.uk\/mecore\/wp-json\/wp\/v2\/pages\/6\/revisions"}],"predecessor-version":[{"id":908,"href":"https:\/\/wuegaki.ppls.ed.ac.uk\/mecore\/wp-json\/wp\/v2\/pages\/6\/revisions\/908"}],"wp:attachment":[{"href":"https:\/\/wuegaki.ppls.ed.ac.uk\/mecore\/wp-json\/wp\/v2\/media?parent=6"}],"curies":[{"name":"wp","href":"https:\/\/api.w.org\/{rel}","templated":true}]}}